{"id":56,"date":"2023-05-07T21:02:47","date_gmt":"2023-05-07T19:02:47","guid":{"rendered":"http:\/\/masaze-jira.cz\/?page_id=56"},"modified":"2024-10-28T11:19:17","modified_gmt":"2024-10-28T10:19:17","slug":"dokumentace","status":"publish","type":"page","link":"https:\/\/masaze-jira.cz\/?page_id=56","title":{"rendered":"DOKUMENTACE"},"content":{"rendered":"\n<h3 class=\"wp-block-heading\">Etick\u00fd kodex mas\u00e9ra<\/h3>\n\n\n\n<div data-wp-interactive=\"core\/file\" class=\"wp-block-file\"><object data-wp-bind--hidden=\"!state.hasPdfPreview\" hidden class=\"wp-block-file__embed\" data=\"http:\/\/masaze-jira.cz\/wp-content\/uploads\/2023\/10\/ETICKY-KODEX-MASERA.pdf\" type=\"application\/pdf\" style=\"width:100%;height:600px\" aria-label=\"Embed of ETICKY-KODEX-MASERA.\"><\/object><a id=\"wp-block-file--media-0e699fcb-1bf3-498e-b71b-f651ec32e5df\" href=\"http:\/\/masaze-jira.cz\/wp-content\/uploads\/2023\/10\/ETICKY-KODEX-MASERA.pdf\">ETICKY-KODEX-MASERA<\/a><a href=\"http:\/\/masaze-jira.cz\/wp-content\/uploads\/2023\/10\/ETICKY-KODEX-MASERA.pdf\" class=\"wp-block-file__button wp-element-button\" download aria-describedby=\"wp-block-file--media-0e699fcb-1bf3-498e-b71b-f651ec32e5df\">St\u00e1hnout<\/a><\/div>\n\n\n\n<h3 class=\"wp-block-heading\">V\u0161eobecn\u00e9 obchodn\u00ed podm\u00ednky<\/h3>\n\n\n\n<div data-wp-interactive=\"core\/file\" class=\"wp-block-file\"><object data-wp-bind--hidden=\"!state.hasPdfPreview\" hidden class=\"wp-block-file__embed\" data=\"http:\/\/masaze-jira.cz\/wp-content\/uploads\/2024\/03\/VSEOBECNE-OBCHODNI-PODMINKY-masaze.pdf\" type=\"application\/pdf\" style=\"width:100%;height:600px\" aria-label=\"Embed of VSEOBECNE-OBCHODNI-PODMINKY-masaze.\"><\/object><a id=\"wp-block-file--media-d81591ce-445a-4daf-a002-714ae7aeaa41\" href=\"http:\/\/masaze-jira.cz\/wp-content\/uploads\/2024\/03\/VSEOBECNE-OBCHODNI-PODMINKY-masaze.pdf\">VSEOBECNE-OBCHODNI-PODMINKY-masaze<\/a><a href=\"http:\/\/masaze-jira.cz\/wp-content\/uploads\/2024\/03\/VSEOBECNE-OBCHODNI-PODMINKY-masaze.pdf\" class=\"wp-block-file__button wp-element-button\" download aria-describedby=\"wp-block-file--media-d81591ce-445a-4daf-a002-714ae7aeaa41\">St\u00e1hnout<\/a><\/div>\n\n\n\n<h3 class=\"wp-block-heading\">Osv\u011bd\u010den\u00ed o z\u00edsk\u00e1n\u00ed profesn\u00ed kvalifikace<\/h3>\n\n\n\n<div data-wp-interactive=\"core\/file\" class=\"wp-block-file\"><object data-wp-bind--hidden=\"!state.hasPdfPreview\" hidden class=\"wp-block-file__embed\" data=\"http:\/\/masaze-jira.cz\/wp-content\/uploads\/2023\/05\/osvedceni-kvalifikace.pdf\" type=\"application\/pdf\" style=\"width:100%;height:600px\" aria-label=\"Embed of osvedceni-kvalifikace.\"><\/object><a id=\"wp-block-file--media-19e81a50-38c5-4d2b-93ad-45580ceebf62\" href=\"http:\/\/masaze-jira.cz\/wp-content\/uploads\/2023\/05\/osvedceni-kvalifikace.pdf\">osvedceni-kvalifikace<\/a><\/div>\n\n\n\n<h3 class=\"wp-block-heading\">Provozn\u00ed \u0159\u00e1d<\/h3>\n\n\n\n<div data-wp-interactive=\"core\/file\" class=\"wp-block-file\"><object data-wp-bind--hidden=\"!state.hasPdfPreview\" hidden class=\"wp-block-file__embed\" data=\"http:\/\/masaze-jira.cz\/wp-content\/uploads\/2023\/05\/provozni-rad.pdf\" type=\"application\/pdf\" style=\"width:100%;height:600px\" aria-label=\"Embed of provozni-rad.\"><\/object><a id=\"wp-block-file--media-f631afee-2712-45c9-88fa-1f3da5ca3aca\" href=\"http:\/\/masaze-jira.cz\/wp-content\/uploads\/2023\/05\/provozni-rad.pdf\">provozni-rad<\/a><\/div>\n\n\n\n<h3 class=\"wp-block-heading\">Potvrzen\u00ed o \u00fa\u010dasti v akreditovan\u00e9m vzd\u011bl\u00e1vac\u00edm programu<\/h3>\n\n\n\n<div data-wp-interactive=\"core\/file\" class=\"wp-block-file\"><object data-wp-bind--hidden=\"!state.hasPdfPreview\" hidden class=\"wp-block-file__embed\" data=\"http:\/\/masaze-jira.cz\/wp-content\/uploads\/2023\/05\/Osvedceni.pdf\" type=\"application\/pdf\" style=\"width:100%;height:600px\" aria-label=\"Embed of Osvedceni.\"><\/object><a id=\"wp-block-file--media-80cec8bf-059d-413e-b822-5da31c155bfe\" href=\"http:\/\/masaze-jira.cz\/wp-content\/uploads\/2023\/05\/Osvedceni.pdf\">Osvedceni<\/a><\/div>\n\n\n\n<h3 class=\"wp-block-heading\">Certifik\u00e1t trigger points<\/h3>\n\n\n\n<div data-wp-interactive=\"core\/file\" class=\"wp-block-file\"><object data-wp-bind--hidden=\"!state.hasPdfPreview\" hidden class=\"wp-block-file__embed\" data=\"http:\/\/masaze-jira.cz\/wp-content\/uploads\/2024\/03\/Osvedceni-Trigger-points-1.pdf\" type=\"application\/pdf\" style=\"width:100%;height:600px\" aria-label=\"Embed of Osvedceni-Trigger-points-1.\"><\/object><a id=\"wp-block-file--media-80cec8bf-059d-413e-b822-5da31c155bfe\" href=\"http:\/\/masaze-jira.cz\/wp-content\/uploads\/2024\/03\/Osvedceni-Trigger-points-1.pdf\">Osvedceni-Trigger-points-1<\/a><\/div>\n\n\n\n<h3 class=\"wp-block-heading\">Provozn\u00ed \u0159\u00e1d &#8211; provozovna<\/h3>\n\n\n\n<div data-wp-interactive=\"core\/file\" class=\"wp-block-file\"><object data-wp-bind--hidden=\"!state.hasPdfPreview\" hidden class=\"wp-block-file__embed\" data=\"http:\/\/masaze-jira.cz\/wp-content\/uploads\/2024\/03\/PROVOZNI-RAD-provozovna.pdf\" type=\"application\/pdf\" style=\"width:100%;height:600px\" aria-label=\"Embed of PROVOZNI-RAD-provozovna.\"><\/object><a id=\"wp-block-file--media-80cec8bf-059d-413e-b822-5da31c155bfe\" href=\"http:\/\/masaze-jira.cz\/wp-content\/uploads\/2024\/03\/PROVOZNI-RAD-provozovna.pdf\">PROVOZNI-RAD-provozovna<\/a><\/div>\n\n\n\n<h3 class=\"wp-block-heading\">Manu\u00e1ln\u00ed Lymfodren\u00e1\u017e<\/h3>\n\n\n\n<div data-wp-interactive=\"core\/file\" class=\"wp-block-file\"><object data-wp-bind--hidden=\"!state.hasPdfPreview\" hidden class=\"wp-block-file__embed\" data=\"http:\/\/masaze-jira.cz\/wp-content\/uploads\/2024\/10\/Manualni-lymfodrenaz.pdf\" type=\"application\/pdf\" style=\"width:100%;height:600px\" aria-label=\"Embed of Manu\u00e1ln\u00ed lymfodren\u00e1\u017e.\"><\/object><a id=\"wp-block-file--media-7af6f81e-cfe6-4d0d-b8eb-e71669db80d8\" href=\"http:\/\/masaze-jira.cz\/wp-content\/uploads\/2024\/10\/Manualni-lymfodrenaz.pdf\">Manu\u00e1ln\u00ed lymfodren\u00e1\u017e<\/a><a href=\"http:\/\/masaze-jira.cz\/wp-content\/uploads\/2024\/10\/Manualni-lymfodrenaz.pdf\" class=\"wp-block-file__button wp-element-button\" download aria-describedby=\"wp-block-file--media-7af6f81e-cfe6-4d0d-b8eb-e71669db80d8\">Download<\/a><\/div>\n","protected":false},"excerpt":{"rendered":"<p>Etick\u00fd kodex mas\u00e9ra V\u0161eobecn\u00e9 obchodn\u00ed podm\u00ednky Osv\u011bd\u010den\u00ed o z\u00edsk\u00e1n\u00ed profesn\u00ed kvalifikace Provozn\u00ed \u0159\u00e1d Potvrzen\u00ed o \u00fa\u010dasti v akreditovan\u00e9m vzd\u011bl\u00e1vac\u00edm programu Certifik\u00e1t trigger points Provozn\u00ed \u0159\u00e1d &#8211; provozovna Manu\u00e1ln\u00ed Lymfodren\u00e1\u017e<\/p>\n","protected":false},"author":1,"featured_media":0,"parent":0,"menu_order":0,"comment_status":"closed","ping_status":"closed","template":"","meta":{"neve_meta_sidebar":"","neve_meta_container":"","neve_meta_enable_content_width":"","neve_meta_content_width":0,"neve_meta_title_alignment":"","neve_meta_author_avatar":"","neve_post_elements_order":"","neve_meta_disable_header":"","neve_meta_disable_footer":"","neve_meta_disable_title":"","_themeisle_gutenberg_block_has_review":false,"_ti_tpc_template_sync":false,"_ti_tpc_template_id":"","footnotes":""},"class_list":["post-56","page","type-page","status-publish","hentry"],"_links":{"self":[{"href":"https:\/\/masaze-jira.cz\/index.php?rest_route=\/wp\/v2\/pages\/56","targetHints":{"allow":["GET"]}}],"collection":[{"href":"https:\/\/masaze-jira.cz\/index.php?rest_route=\/wp\/v2\/pages"}],"about":[{"href":"https:\/\/masaze-jira.cz\/index.php?rest_route=\/wp\/v2\/types\/page"}],"author":[{"embeddable":true,"href":"https:\/\/masaze-jira.cz\/index.php?rest_route=\/wp\/v2\/users\/1"}],"replies":[{"embeddable":true,"href":"https:\/\/masaze-jira.cz\/index.php?rest_route=%2Fwp%2Fv2%2Fcomments&post=56"}],"version-history":[{"count":19,"href":"https:\/\/masaze-jira.cz\/index.php?rest_route=\/wp\/v2\/pages\/56\/revisions"}],"predecessor-version":[{"id":886,"href":"https:\/\/masaze-jira.cz\/index.php?rest_route=\/wp\/v2\/pages\/56\/revisions\/886"}],"wp:attachment":[{"href":"https:\/\/masaze-jira.cz\/index.php?rest_route=%2Fwp%2Fv2%2Fmedia&parent=56"}],"curies":[{"name":"wp","href":"https:\/\/api.w.org\/{rel}","templated":true}]}}